{"id":429,"date":"2024-11-14T16:01:38","date_gmt":"2024-11-14T15:01:38","guid":{"rendered":"https:\/\/lechaidelacroisotte.fr\/?page_id=429"},"modified":"2024-11-14T16:06:40","modified_gmt":"2024-11-14T15:06:40","slug":"politique-de-cookies","status":"publish","type":"page","link":"https:\/\/lechaidelacroisotte.fr\/index.php\/politique-de-cookies\/","title":{"rendered":"Politique de Cookies"},"content":{"rendered":"\t\t<div data-elementor-type=\"wp-page\" data-elementor-id=\"429\" class=\"elementor elementor-429\" data-elementor-post-type=\"page\">\n\t\t\t\t<div class=\"elementor-element elementor-element-8fee847 e-flex e-con-boxed e-con e-parent\" data-id=\"8fee847\" data-element_type=\"container\" data-e-type=\"container\" data-settings=\"{&quot;background_background&quot;:&quot;classic&quot;}\">\n\t\t\t\t\t<div class=\"e-con-inner\">\n\t\t\t\t<div class=\"elementor-element elementor-element-950e6c3 elementor-widget elementor-widget-heading\" data-id=\"950e6c3\" data-element_type=\"widget\" data-e-type=\"widget\" data-widget_type=\"heading.default\">\n\t\t\t\t<div class=\"elementor-widget-container\">\n\t\t\t\t\t<h2 class=\"elementor-heading-title elementor-size-default\">Politique de Cookies<\/h2>\t\t\t\t<\/div>\n\t\t\t\t<\/div>\n\t\t\t\t\t<\/div>\n\t\t\t\t<\/div>\n\t\t<div class=\"elementor-element elementor-element-6eece7a5 e-flex e-con-boxed e-con e-parent\" data-id=\"6eece7a5\" data-element_type=\"container\" data-e-type=\"container\">\n\t\t\t\t\t<div class=\"e-con-inner\">\n\t\t\t\t<div class=\"elementor-element elementor-element-1a929a40 elementor-widget elementor-widget-text-editor\" data-id=\"1a929a40\" data-element_type=\"widget\" data-e-type=\"widget\" data-widget_type=\"text-editor.default\">\n\t\t\t\t<div class=\"elementor-widget-container\">\n\t\t\t\t\t\t\t\t\t\n<p>Le Chai de la Croisotte utilise des cookies pour am\u00e9liorer votre exp\u00e9rience sur notre site. Un cookie est un fichier texte qui est plac\u00e9 sur votre appareil lors de la visite de notre site pour analyser la navigation et am\u00e9liorer les services propos\u00e9s.<\/p>\n\n<p><strong>Types de cookies utilis\u00e9s<\/strong><\/p>\n\n<ul class=\"wp-block-list\">\n<li><strong>Cookies n\u00e9cessaires<\/strong> : Ces cookies sont indispensables au bon fonctionnement du site.<\/li>\n\n<li><strong>Cookies de performance<\/strong> : Ces cookies nous permettent de mesurer et d\u2019analyser l\u2019audience de notre site.<\/li>\n\n<li><strong>Cookies de publicit\u00e9<\/strong> : Ces cookies collectent des informations afin d&rsquo;afficher des publicit\u00e9s cibl\u00e9es.<\/li>\n<\/ul>\n\n<p><strong>Gestion des cookies<\/strong><\/p>\n\n<p>Lors de votre premi\u00e8re visite sur notre site, un bandeau vous informe de l\u2019utilisation des cookies. Vous pouvez g\u00e9rer vos pr\u00e9f\u00e9rences en mati\u00e8re de cookies directement sur notre site ou via les param\u00e8tres de votre navigateur.<\/p>\n\n<p><strong>Dur\u00e9e de conservation<\/strong><\/p>\n\n<p>Les cookies ont une dur\u00e9e de vie limit\u00e9e \u00e0 13 mois maximum. Vous pouvez les supprimer manuellement en modifiant les param\u00e8tres de votre navigateur.<\/p>\n\n<p><strong>Contact<\/strong><\/p>\n\n<p>Pour toute question concernant cette politique de cookies, veuillez nous contacter.<\/p>\n\t\t\t\t\t\t\t\t<\/div>\n\t\t\t\t<\/div>\n\t\t\t\t\t<\/div>\n\t\t\t\t<\/div>\n\t\t\t\t<\/div>\n\t\t","protected":false},"excerpt":{"rendered":"<p>Politique de Cookies Le Chai de la Croisotte utilise des cookies pour am\u00e9liorer votre exp\u00e9rience sur notre site. Un cookie est un fichier texte qui est plac\u00e9 sur votre appareil lors de la visite de notre site pour analyser la navigation et am\u00e9liorer les services propos\u00e9s. Types de cookies utilis\u00e9s Gestion des cookies Lors de [&hellip;]<\/p>\n","protected":false},"author":1,"featured_media":0,"parent":0,"menu_order":0,"comment_status":"closed","ping_status":"closed","template":"elementor_header_footer","meta":{"footnotes":""},"class_list":["post-429","page","type-page","status-publish","hentry"],"yoast_head":"<!-- This site is optimized with the Yoast SEO plugin v27.0 - https:\/\/yoast.com\/product\/yoast-seo-wordpress\/ -->\n<title>Politique de Cookies - Le Chai De La Croisotte<\/title>\n<meta name=\"robots\" content=\"index, follow, max-snippet:-1, max-image-preview:large, max-video-preview:-1\" \/>\n<link rel=\"canonical\" href=\"http:\/\/lechaidelacroisotte.fr\/index.php\/politique-de-cookies\/\" \/>\n<meta property=\"og:locale\" content=\"fr_FR\" \/>\n<meta property=\"og:type\" content=\"article\" \/>\n<meta property=\"og:title\" content=\"Politique de Cookies - Le Chai De La Croisotte\" \/>\n<meta property=\"og:description\" content=\"Politique de Cookies Le Chai de la Croisotte utilise des cookies pour am\u00e9liorer votre exp\u00e9rience sur notre site. Un cookie est un fichier texte qui est plac\u00e9 sur votre appareil lors de la visite de notre site pour analyser la navigation et am\u00e9liorer les services propos\u00e9s. Types de cookies utilis\u00e9s Gestion des cookies Lors de [&hellip;]\" \/>\n<meta property=\"og:url\" content=\"http:\/\/lechaidelacroisotte.fr\/index.php\/politique-de-cookies\/\" \/>\n<meta property=\"og:site_name\" content=\"Le Chai De La Croisotte\" \/>\n<meta property=\"article:modified_time\" content=\"2024-11-14T15:06:40+00:00\" \/>\n<meta name=\"twitter:card\" content=\"summary_large_image\" \/>\n<meta name=\"twitter:label1\" content=\"Dur\u00e9e de lecture estim\u00e9e\" \/>\n\t<meta name=\"twitter:data1\" content=\"1 minute\" \/>\n<script type=\"application\/ld+json\" class=\"yoast-schema-graph\">{\"@context\":\"https:\/\/schema.org\",\"@graph\":[{\"@type\":\"WebPage\",\"@id\":\"http:\/\/lechaidelacroisotte.fr\/index.php\/politique-de-cookies\/\",\"url\":\"http:\/\/lechaidelacroisotte.fr\/index.php\/politique-de-cookies\/\",\"name\":\"Politique de Cookies - Le Chai De La Croisotte\",\"isPartOf\":{\"@id\":\"http:\/\/lechaidelacroisotte.fr\/#website\"},\"datePublished\":\"2024-11-14T15:01:38+00:00\",\"dateModified\":\"2024-11-14T15:06:40+00:00\",\"breadcrumb\":{\"@id\":\"http:\/\/lechaidelacroisotte.fr\/index.php\/politique-de-cookies\/#breadcrumb\"},\"inLanguage\":\"fr-FR\",\"potentialAction\":[{\"@type\":\"ReadAction\",\"target\":[\"http:\/\/lechaidelacroisotte.fr\/index.php\/politique-de-cookies\/\"]}]},{\"@type\":\"BreadcrumbList\",\"@id\":\"http:\/\/lechaidelacroisotte.fr\/index.php\/politique-de-cookies\/#breadcrumb\",\"itemListElement\":[{\"@type\":\"ListItem\",\"position\":1,\"name\":\"Accueil\",\"item\":\"https:\/\/lechaidelacroisotte.fr\/\"},{\"@type\":\"ListItem\",\"position\":2,\"name\":\"Politique de Cookies\"}]},{\"@type\":\"WebSite\",\"@id\":\"http:\/\/lechaidelacroisotte.fr\/#website\",\"url\":\"http:\/\/lechaidelacroisotte.fr\/\",\"name\":\"Le Chai De La Croisotte\",\"description\":\"Votre caviste en Haute Marne\",\"publisher\":{\"@id\":\"http:\/\/lechaidelacroisotte.fr\/#organization\"},\"potentialAction\":[{\"@type\":\"SearchAction\",\"target\":{\"@type\":\"EntryPoint\",\"urlTemplate\":\"http:\/\/lechaidelacroisotte.fr\/?s={search_term_string}\"},\"query-input\":{\"@type\":\"PropertyValueSpecification\",\"valueRequired\":true,\"valueName\":\"search_term_string\"}}],\"inLanguage\":\"fr-FR\"},{\"@type\":\"Organization\",\"@id\":\"http:\/\/lechaidelacroisotte.fr\/#organization\",\"name\":\"Le Chai De La Croisotte\",\"url\":\"http:\/\/lechaidelacroisotte.fr\/\",\"logo\":{\"@type\":\"ImageObject\",\"inLanguage\":\"fr-FR\",\"@id\":\"http:\/\/lechaidelacroisotte.fr\/#\/schema\/logo\/image\/\",\"url\":\"https:\/\/lechaidelacroisotte.fr\/wp-content\/uploads\/2024\/11\/logo-1.png8_-1.png\",\"contentUrl\":\"https:\/\/lechaidelacroisotte.fr\/wp-content\/uploads\/2024\/11\/logo-1.png8_-1.png\",\"width\":273,\"height\":150,\"caption\":\"Le Chai De La Croisotte\"},\"image\":{\"@id\":\"http:\/\/lechaidelacroisotte.fr\/#\/schema\/logo\/image\/\"}}]}<\/script>\n<!-- \/ Yoast SEO plugin. -->","yoast_head_json":{"title":"Politique de Cookies - Le Chai De La Croisotte","robots":{"index":"index","follow":"follow","max-snippet":"max-snippet:-1","max-image-preview":"max-image-preview:large","max-video-preview":"max-video-preview:-1"},"canonical":"http:\/\/lechaidelacroisotte.fr\/index.php\/politique-de-cookies\/","og_locale":"fr_FR","og_type":"article","og_title":"Politique de Cookies - Le Chai De La Croisotte","og_description":"Politique de Cookies Le Chai de la Croisotte utilise des cookies pour am\u00e9liorer votre exp\u00e9rience sur notre site. Un cookie est un fichier texte qui est plac\u00e9 sur votre appareil lors de la visite de notre site pour analyser la navigation et am\u00e9liorer les services propos\u00e9s. Types de cookies utilis\u00e9s Gestion des cookies Lors de [&hellip;]","og_url":"http:\/\/lechaidelacroisotte.fr\/index.php\/politique-de-cookies\/","og_site_name":"Le Chai De La Croisotte","article_modified_time":"2024-11-14T15:06:40+00:00","twitter_card":"summary_large_image","twitter_misc":{"Dur\u00e9e de lecture estim\u00e9e":"1 minute"},"schema":{"@context":"https:\/\/schema.org","@graph":[{"@type":"WebPage","@id":"http:\/\/lechaidelacroisotte.fr\/index.php\/politique-de-cookies\/","url":"http:\/\/lechaidelacroisotte.fr\/index.php\/politique-de-cookies\/","name":"Politique de Cookies - Le Chai De La Croisotte","isPartOf":{"@id":"http:\/\/lechaidelacroisotte.fr\/#website"},"datePublished":"2024-11-14T15:01:38+00:00","dateModified":"2024-11-14T15:06:40+00:00","breadcrumb":{"@id":"http:\/\/lechaidelacroisotte.fr\/index.php\/politique-de-cookies\/#breadcrumb"},"inLanguage":"fr-FR","potentialAction":[{"@type":"ReadAction","target":["http:\/\/lechaidelacroisotte.fr\/index.php\/politique-de-cookies\/"]}]},{"@type":"BreadcrumbList","@id":"http:\/\/lechaidelacroisotte.fr\/index.php\/politique-de-cookies\/#breadcrumb","itemListElement":[{"@type":"ListItem","position":1,"name":"Accueil","item":"https:\/\/lechaidelacroisotte.fr\/"},{"@type":"ListItem","position":2,"name":"Politique de Cookies"}]},{"@type":"WebSite","@id":"http:\/\/lechaidelacroisotte.fr\/#website","url":"http:\/\/lechaidelacroisotte.fr\/","name":"Le Chai De La Croisotte","description":"Votre caviste en Haute Marne","publisher":{"@id":"http:\/\/lechaidelacroisotte.fr\/#organization"},"potentialAction":[{"@type":"SearchAction","target":{"@type":"EntryPoint","urlTemplate":"http:\/\/lechaidelacroisotte.fr\/?s={search_term_string}"},"query-input":{"@type":"PropertyValueSpecification","valueRequired":true,"valueName":"search_term_string"}}],"inLanguage":"fr-FR"},{"@type":"Organization","@id":"http:\/\/lechaidelacroisotte.fr\/#organization","name":"Le Chai De La Croisotte","url":"http:\/\/lechaidelacroisotte.fr\/","logo":{"@type":"ImageObject","inLanguage":"fr-FR","@id":"http:\/\/lechaidelacroisotte.fr\/#\/schema\/logo\/image\/","url":"https:\/\/lechaidelacroisotte.fr\/wp-content\/uploads\/2024\/11\/logo-1.png8_-1.png","contentUrl":"https:\/\/lechaidelacroisotte.fr\/wp-content\/uploads\/2024\/11\/logo-1.png8_-1.png","width":273,"height":150,"caption":"Le Chai De La Croisotte"},"image":{"@id":"http:\/\/lechaidelacroisotte.fr\/#\/schema\/logo\/image\/"}}]}},"_links":{"self":[{"href":"https:\/\/lechaidelacroisotte.fr\/index.php\/wp-json\/wp\/v2\/pages\/429","targetHints":{"allow":["GET"]}}],"collection":[{"href":"https:\/\/lechaidelacroisotte.fr\/index.php\/wp-json\/wp\/v2\/pages"}],"about":[{"href":"https:\/\/lechaidelacroisotte.fr\/index.php\/wp-json\/wp\/v2\/types\/page"}],"author":[{"embeddable":true,"href":"https:\/\/lechaidelacroisotte.fr\/index.php\/wp-json\/wp\/v2\/users\/1"}],"replies":[{"embeddable":true,"href":"https:\/\/lechaidelacroisotte.fr\/index.php\/wp-json\/wp\/v2\/comments?post=429"}],"version-history":[{"count":4,"href":"https:\/\/lechaidelacroisotte.fr\/index.php\/wp-json\/wp\/v2\/pages\/429\/revisions"}],"predecessor-version":[{"id":447,"href":"https:\/\/lechaidelacroisotte.fr\/index.php\/wp-json\/wp\/v2\/pages\/429\/revisions\/447"}],"wp:attachment":[{"href":"https:\/\/lechaidelacroisotte.fr\/index.php\/wp-json\/wp\/v2\/media?parent=429"}],"curies":[{"name":"wp","href":"https:\/\/api.w.org\/{rel}","templated":true}]}}